t s(u) = -6*u**2 + u + 12. Determine s(3).
-39
Let i(h) = -h**2 - 6*h + 15. Give i(-7).
8
Let t(z) = 95*z - 1039. Calculate t(11).
6
Let n(k) = -k**2 + 13*k - 37. Give n(4).
-1
Let l(t) = t - 10. Calculate l(7).
-3
Let p(q) = -q**2 - 10*q - 16. Give p(-10).
-16
Let a(y) = -y**3 - 37*y**2 - 30*y + 216. What is a(-36)?
0
Let r(c) = c**2 + 3*c. Determine r(5).
40
Let l(g) = -2*g**2 - 18*g + 9. What is l(-10)?
-11
Let n(u) = u**3 - 21*u**2 + 39*u - 18. What is n(19)?
1
Let u(i) = -i**3 - 9*i**2 - 16*i - 3. What is u(-7)?
11
Let m(p) = -p - 17. What is m(-20)?
3
Let b(x) = -2*x + 39. Calculate b(12).
15
Let r(u) = u**3 - 5*u**2 + 4*u - 18. Determine r(5).
2
Let c(p) = 9*p**2 + 242*p - 36. Give c(-27).
-9
Let j(c) = -16*c**2 + 3*c + 2. Calculate j(-1).
-17
Let t(x) = 18*x**3 - 4*x**2 + 3. What is t(-1)?
-19
Let h(f) = -8*f**2 + 4*f + 14. Calculate h(-3).
-70
Let c(q) = q**3 + 5*q**2 + 4*q + 49. Calculate c(-6).
-11
Let s(m) = -3*m - 7. Calculate s(-5).
8
Let q(p) = -2*p + 2. Calculate q(-7).
16
Let l(z) = z**3 - 8*z - 7. Determine l(-2).
1
Let c(s) = -s**2 - 15*s - 16. Determine c(-8).
40
Let k(g) = -52*g + 56. Give k(1).
4
Let a(r) = r**3 + 2*r**2 + 98. Determine a(0).
98
Let x(h) = h**3 + 4*h**2 + 2*h + 13. What is x(-6)?
-71
Let f(t) = -t - 11. Calculate f(-8).
-3
Let r(u) = -u. Give r(1).
-1
Let k(a) = -4*a + 12. What is k(3)?
0
Let n(g) = -g**2 + 8*g - 3. Give n(7).
4
Let f(x) = 2*x**3 - 4*x**2 - x + 1. Determine f(3).
16
Let h(m) = m + 11. Calculate h(-7).
4
Let f(j) = -j**3 - 4*j**2 + 3*j + 3. Determine f(-6).
57
Let x(o) = -2*o**2 - 3*o. Calculate x(2).
-14
Let s(g) = 25*g + 1. What is s(-1)?
-24
Let a(r) = -r**2 - 2*r + 6. Determine a(-6).
-18
Let r(h) = -2*h + 12. Give r(0).
12
Let h(k) = -k**2 + 5*k + 6. Calculate h(5).
6
Let f(h) = 2*h**3 + 12*h**2 + 4. Determine f(-7).
-94
Let h(w) = -w**2 + 7*w + 23. Give h(12).
-37
Let c(j) = -2*j**2 + 9*j + 3. Determine c(5).
-2
Let x(i) = -3*i**3 - 6*i**2 - 8*i - 4. What is x(-3)?
47
Let m(y) = 4*y + 31. Calculate m(10).
71
Let r(c) = c**3 - 3*c**2 - 5*c + 8. Give r(4).
4
Let s(m) = 44*m - 2. What is s(1)?
42
Let i(b) = 46*b + 776. Determine i(-17).
-6
Let m(d) = d + 8. Give m(0).
8
Let y(h) = -2*h - 10. What is y(-12)?
14
Let w(v) = -v**2 + 17*v + 25. Give w(19).
-13
Let x(o) = -o**2 - 8*o - 24. Give x(-4).
-8
Let r(o) = -2*o**2 - o - 3. Give r(-3).
-18
Let q(n) = 143*n - 12. What is q(0)?
-12
Let d(o) = -o**3 - 7*o**2 + o + 7. What is d(-7)?
0
Let o(d) = 249*d - 1494. Calculate o(6).
0
Let u(q) = -q**2 - 4*q - 11. Determine u(-6).
-23
Let n(c) = c**2 + 2. Determine n(-2).
6
Let p(y) = 4*y + 13. Give p(-7).
-15
Let f(l) = 7*l - 28. Give f(9).
35
Let d(o) = -2*o**2 + 10*o + 16. What is d(6)?
4
Let j(h) = -3*h - 8. What is j(-8)?
16
Let u(p) = p**2 - 5*p. Calculate u(6).
6
Let y(o) = -12*o + 4. Determine y(2).
-20
Let n(y) = y**3 + 9*y**2 + 5*y - 18. What is n(-8)?
6
Let d(y) = -2*y**3 - 21*y**2 - 29*y - 14. Calculate d(-9).
4
Let q(p) = 2*p**2 - 4*p - 1. Calculate q(4).
15
Let d(y) = y**2 - y - 1. What is d(4)?
11
Let s(y) = -y**3 - y**2 + 3*y - 1. Calculate s(-2).
-3
Let n(j) = 2*j**3 - 39*j**2 - 21*j + 24. Calculate n(20).
4
Let a(i) = -i**3 + 7*i**2 + 33*i - 122. What is a(9)?
13
Let l(v) = v + 56. Determine l(-32).
24
Let v(k) = 2*k**3 + k**2 - 4*k + 3. What is v(2)?
15
Let c(v) = -v**3 + v**2 + v - 7. Calculate c(0).
-7
Let y(s) = -3*s - 12. Calculate y(-10).
18
Let w(d) = -d**2 + 13*d - 30. Determine w(8).
10
Let l(u) = 25*u - 207. Calculate l(8).
-7
Let a(q) = 12*q - 105. Calculate a(11).
27
Let c(i) = -181*i**3 + i**2. What is c(1)?
-180
Let o(i) = -3*i + 3. Determine o(7).
-18
Let i(p) = -p - 22. Determine i(-16).
-6
Let t(h) = -h**3 + h**2 + 45*h - 93. Give t(6).
-3
Let k(u) = 19*u - 9. Determine k(1).
10
Let y(j) = -j**3 + 9*j**2 - 2*j - 7. Give y(8).
41
Let o(y) = 3*y + 70. Determine o(-22).
4
Let j(t) = t + 9. Calculate j(-9).
0
Let s(o) = -3*o**3 + o**2 + 6*o + 8. What is s(-2)?
24
Let g(v) = v**3 - 11*v**2 + 14*v + 5. Determine g(6).
-91
Let i(r) = -r**2 + 8. What is i(-6)?
-28
Let i(z) = 70*z**2 + 4*z + 3. Calculate i(-1).
69
Let w(f) = f**3 - 7*f**2 + 2*f - 7. What is w(7)?
7
Let x(u) = -6*u + 7. What is x(-10)?
67
Let j(f) = f. Calculate j(7).
7
Let u(p) = -p - 12. Calculate u(-5).
-7
Let g(j) = -j**3 + 7*j**2 - 3*j + 7. Calculate g(4).
43
Let t(o) = -o**2 - 3*o + 5. Calculate t(4).
-23
Let z(m) = -m**2 + 10*m + 12. What is z(5)?
37
Let b(d) = -d**3 - 6*d**2 + 6*d. Calculate b(-6).
-36
Let n(j) = 84*j - 752. Calculate n(9).
4
Let p(y) = 7*y**2 + 4*y + 3. Calculate p(-2).
23
Let f(s) = 4*s**3 - 31*s**2 + 41*s + 2. What is f(6)?
-4
Let d(h) = 5*h**2 - h + 4. What is d(0)?
4
Let c(n) = -42*n + 1. Calculate c(1).
-41
Let s(n) = n**2 + 18*n - 260. What is s(10)?
20
Let c(w) = -14*w + 13. Determine c(3).
-29
Let v(i) = 6*i**3 + i**2 - i - 2. Calculate v(2).
48
Let s(c) = -2*c + 29. Give s(9).
11
Let f(n) = -n**2 - 2*n - 5. What is f(4)?
-29
Let a(q) = 3*q**2 - 42*q + 16. Determine a(12).
-56
Let f(t) = t**2 - 10*t - 1. Determine f(9).
-10
Let w(t) = 10*t + 80. Give w(-9).
-10
Let w(j) = -j**2 - 4*j + 3. Give w(-4).
3
Let o(i) = -i**2 + 6*i - 2. Give o(7).
-9
Let h(s) = s**2 + 12*s - 13. Give h(-12).
-13
Let l(w) = 2*w**2 - 21*w + 15. Calculate l(14).
113
Let m(u) = u**3 + 11*u**2 + 7*u + 10. What is m(-11)?
-67
Let o(h) = -h**2 + 3*h + 4. Determine o(4).
0
Let y(p) = 2*p**2 + 11*p - 4. What is y(-6)?
2
Let h(n) = -4*n - 1. What is h(-9)?
35
Let x(p) = 3*p + 12. What is x(-5)?
-3
Let o(u) = u**3 + u**2 - 9*u + 7. What is o(-5)?
-48
Let x(d) = 9*d - 125. Calculate x(16).
19
Let r(v) = 2*v + 26. Determine r(-6).
14
Let i(q) = 6*q - 348. Calculate i(58).
0
Let l(j) = -2*j**2 + 14*j - 9. Calculate l(7).
-9
Let u(p) = -12*p + 8. Calculate u(-5).
68
Let b(n) = 5*n - 9. Determine b(0).
-9
Let p(o) = o**2 + 5*o + 7. Determine p(-4).
3
Let k(y) = -y**2 - 14*y - 19. Give k(-12).
5
Let r(s) = s**3 - 9*s**2 + 8*s - 65. Determine r(9).
7
Let k(t) = -t**2 - t + 21. Determine k(0).
21
Let i(h) = -h**3 + 2*h**2 + 24*h + 1. Give i(6).
1
Let w(r) = -r**3 - 6*r**2 - 7. Determine w(-6).
-7
Let y(s) = s**3 + 4*s**2 - s - 1. Calculate y(0).
-1
Let u(t) = 2*t**3 + 5*t**2 + 2*t. Calculate u(-3).
-15
Let g(k) = 26*k + 859. What is g(-33)?
1
Let f(j) = -5*j + 80. What is f(15)?
5
Let y(m) = -m**3 + 4*m**2 + 3*m + 3. Give y(5).
-7
Let t(u) = 3*u**2 + u - 10. Give t(5).
70
Let b(r) = 10*r - 114. Calculate b(11).
-4
Let l(g) = g**3 - 14*g**2 - 16*g - 2. What is l(15)?
-17
Let k(o) = -2*o**3 + 2*o**2 + 1. Calculate k(2).
-7
Let m(b) = -3*b**3 - b + 1. What is m(0)?
1
Let n(x) = -87*x - 3. Give n(1).
-90
Let u(a) = a**3 + 4*a**2 - 3*a - 8. Determine u(-4).
4
Let o(g) = 18*g + 35. What is o(-2)?
-1
Let s(n) = -n**3 - 8*n**2 + 6*n - 20. What is s(-9)?
7
Let p(j) = -4*j**2 + 21*j. Determine p(7).
-49
Let x(o) = 5*o - 30. Determine x(10).
20
Let a(f) = -43*f + 724. Calculate a(17).
-7
Let f(h) = h**2 + 8*h + 6. Determine f(-10).
26
Let v(x) = x**3 + 3*x**2 + 6*x - 2. Calculate v(-4).
-42
Let y(c) = 2*c**3 - 9*c**2 + 6*c + 6. Give y(4).
14
Let x(f) = 4*f + 21. Calculate x(-6).
-3
Let i(b) = b**3 - 8*b**2 + b - 2. Give i(8).
6
Let i(u) = -u**2 - 15*u - 14. Give i(-15).
-14
Let l(z) = -z**2 - 3*z + 65. Calculate l(8).
-23
Let o(f) = -f - 1. Give o(-1).
0
Let h(k) = k**3 - 10*k**2 - 3*k - 1. Determine h(9).
-109
Let x(g) = -g**2 + 13*g + 21. Calculate x(15).
-9
Let a(q) = 33*q**3 - q**2 + 2*q - 1. Calculate a(1).
33
Let j(n) = -6*n + 6. Give j(3).
-12
Let x(z) = -z**3 + 14*z**2 - 13. Give x(14).
-13
Let x(t) = t**3 - 9*t**2 + t + 51. Determine x(7).
-40
Let h(n) = 2*n**2 + 32*n + 27. What is h(-15)?
-3
Let x(g) = -g**3 - g**2 - 5. What is x(4)?
-85
Let g(p) = -p**2 - 8*p - 5. Give g(-6).
7
Let c(g) = -2*g**2 + 4*g + 2. What is c(5)?
-28
Let s(h) = h**2 - 28*h + 103. What is s(23)?
-12
Let p(r) = -r**2 + 16*r - 45. Give p(21).
-150
Let r(h) = h**2 - 2*h - 5. Determine r(0).
-5
Let d(f) = 3*f**2 + 6*f + 6. Calculate d(-6).
78
Let p(t) = 21*t + 415. Determine p(-19).
16
Let a(y) = -y**2 + 12*y - 1. Give a(12).
-1
Let m(g) = -g**2 - 4*g + 3. Calculate m(-4).
3
Let w(v) = 2*v**2 - 4*v + 7. Calculate w(4).
23
Let n(b) = -18*b - 980. Calculate n(-55).
10
Let r(a) = a**3 - 4*a**2 - a + 2. What is r(4)?
-2
Let q(p) = p**2 - p - 12